- 50 - 27. Suppose 0 = m*f - 1606 - 879. What is the tens digit of f?
5
Let q = 0 - 0. Suppose -4 = -2*p, -f - p = -6*f + 13. Suppose -f*h = n + 2*h - 73, -2*n - h + 110 = q. What is the tens digit of n?
5
Suppose -4*j - 3*t = -2*j - 1108, 2*j - 1106 = -4*t. What is the tens digit of j?
5
Let j be 2/(-4)*-4*71/2. Let h(z) = 5*z + 8*z - z**2 + 2*z + j*z**3 - 13*z. What is the tens digit of h(1)?
7
Let a(c) = 33*c + 1. Let w = -68 - -71. Let h be a(w). Suppose -2*u + 7*u = h. What is the units digit of u?
0
Suppose -21*y = -12 - 30. Suppose 4*o + 5*s + 547 = 1652, -y*o + 5*s + 575 = 0. What is the units digit of o?
0
Suppose -f + c + 17132 = 0, 11*c - 6*c = 4*f - 68525. What is the thousands digit of f?
7
Let w be (-3)/(-2) - 2/(8/(-282)). What is the hundreds digit of ((-174)/24)/((-3)/w)?
1
Suppose -3*t = 3*y - 6*y + 117, -45 = -y - t. What is the units digit of (-20)/(-210) + 1424/y?
4
Let x = -4102 + 7017. What is the thousands digit of x?
2
Suppose 0 = 388*h - 129*h - 7317998 - 525558. What is the tens digit of h?
8
Let f(u) = -3*u**3 - 185*u**2 + 4*u - 8. What is the ten thousands digit of f(-64)?
2
Suppose 0 = 4*b - j - 3*j - 8, -2*b = 4*j + 20. What is the tens digit of 214 - b/10*-5?
1
What is the ten thousands digit of ((8064/45)/(-8))/((-3)/(-15))*-412?
4
Suppose -2796445 - 6013915 = -197*s + 2339840. What is the units digit of s?
0
Let t be -3 - (0/(-4) + 286 - 4). What is the units digit of (-6)/5 - 137712/t?
2
Suppose 5*k - 57 = -w, -2*k - w + 15 = -6. Let c be ((-1)/(-3))/((k/1962)/(-2)). Let u = -56 - c. What is the units digit of u?
3
What is the units digit of 18/(-9) + 44042 - (-8)/(-7 - 1)?
9
Let l(o) = o**2 - 31*o + 49. Let s be l(29). What is the units digit of ((108/8)/s)/((-12)/7704)?
3
Let y(j) = -2*j**2 - 5*j - 6. Let b(i) = i**2 - i - 1. Let g(o) = 5*b(o) - y(o). Let f be g(3). What is the units digit of 2/11 - f/(-11)?
6
Suppose 0 = -65*t - 11*t + 2177172. What is the tens digit of t?
4
Let m(i) = i - 3. Let y be m(-2). Let z be (0/3)/(y/5). What is the tens digit of (2 + z - 2) + 24?
2
Let u(t) = -t**2 + 15*t - 45. Let y be u(9). Suppose 4*x - y*x + 2449 = 2*l, 0 = 2*l - 4. What is the hundreds digit of x?
4
Suppose -2*h = -6, -6*i + i - h = -103. Suppose 19*v + 150 = i*v. Let o = v - 83. What is the units digit of o?
7
Suppose -3*u + 1 = -5*u - 3*a, 5*u - 3*a = -55. Let m = 19 - 16. What is the tens digit of (u/(-10))/(m/(-330)*-4)?
2
Let a = -540 + 579. Suppose -5*s - v + 16 = -17, -3*s - 7*v + a = 0. What is the units digit of s?
6
Suppose -2*r + 162 = 1002. Let t = 719 + r. What is the tens digit of t?
9
Let s(o) = 3*o + 14. Suppose 0 = -2*j, 5*i + j + 3*j + 20 = 0. Let z be s(i). Suppose 3*x + z*g + 195 = 4*x, 561 = 3*x + 2*g. What is the hundreds digit of x?
1
Let a = 5147 + 8055. What is the hundreds digit of a?
2
Suppose 3*f + m - 45 - 1 = 0, 4*f + 2*m - 62 = 0. Let u be (f/9)/(-5) - 268/(-3). Suppose -o + 4*n + u = 0, 6 = -n - n. What is the tens digit of o?
7
Let h = 36216 + -20492. What is the ten thousands digit of h?
1
Let h(v) = 1128*v - 16351. What is the ten thousands digit of h(41)?
2
Suppose -3*l - 13350 = -3*v, -4*l + 13350 = 3*v - 0*v. Suppose -1415 = -17*h + v. What is the units digit of h?
5
Let i(n) = 13*n**3 - 2*n**2 + 5*n. Let c be i(2). What is the units digit of (15/2 + 0/(-13))*c?
5
Let g(u) = -7 - 53*u - 5*u - 9*u + 6*u. Let h(n) = 61*n + 8. Let m(x) = -5*g(x) - 4*h(x). What is the units digit of m(2)?
5
Suppose 11*m + 10 = 9*m, 0 = -3*d - m - 35. What is the hundreds digit of (-6214)/d - ((-165)/25 - -6)?
6
Let r = -1529 + 2667. Let k = r - 347. What is the units digit of k?
1
Let r(n) = -4*n**2 + 23*n + 29. Let w be r(13). Let h = 863 - w. What is the hundreds digit of h?
2
Let n be ((-3)/(-6))/((-1)/4). Let j be 3*(30/(-9) - n). What is the units digit of -27*(20/15)/j?
9
Suppose 3914 = -2*f + 5*y + 38823, 3*y + 69825 = 4*f. What is the thousands digit of f?
7
Let p = 455 - -329. Suppose -15*j + p = 169. What is the tens digit of j?
4
Suppose -2*m + 0*m + 58749 = -w, 3*w = -m + 29364. What is the ten thousands digit of m?
2
Suppose 6*j + 860 = -4*j. Let r = j + -22. Let c = r - -287. What is the hundreds digit of c?
1
Let g be 6/8 + 106/8 + -10. Suppose g*f + 198 = 6*f - 4*j, 0 = 2*j + 8. What is the units digit of f?
1
Suppose 4*c - 6*c = -4*r - 4978, 3730 = -3*r + 5*c. Let s = r - -2077. What is the tens digit of s?
3
Suppose 0 = f - 101*f + 310061 + 681739. What is the tens digit of f?
1
Let m(k) = -9*k - 9. Let x be m(-1). Suppose x = -4*q + 2*p + 1040, p = 2*q - 4*p - 504. What is the units digit of q?
2
Let l = -19676 - -21865. What is the hundreds digit of l?
1
Suppose 7*k + 4500 = -11*k. Let r = 401 + k. What is the hundreds digit of r?
1
Suppose -l = 47 + 49. Let w = 58 + l. Let c = w - -95. What is the tens digit of c?
5
Suppose -h - 3 = d, 4*d = -0*h + h - 22. Let b be h/9 - (-41535)/81. Suppose -5*k + b = 128. What is the tens digit of k?
7
Let q be 2013/4 + -1 - 27/108. Suppose 2*c = g - 514, -c - 3*c + q = g. Let t = g + -348. What is the hundreds digit of t?
1
Suppose -21*s + 2*t = -16*s - 5080, 3*s - 3048 = -4*t. Suppose 0 = 3*v + 3*a + 2*a - 3049, -2*a = v - s. What is the thousands digit of v?
1
Let d(g) = -74*g + 7692. What is the tens digit of d(77)?
9
Let h(b) = 4*b**2 - 16*b - 67. Let r be h(-12). Suppose -r = -3*l + 673. What is the units digit of l?
8
Let q(i) = -i**2 - 5*i + 53. Let y be q(-17). Let b = 287 + y. What is the hundreds digit of b?
1
Suppose 1195 = -2*d - 5*s, 4*s - 2004 = 4*d + 456. Let a = 892 + d. What is the tens digit of a?
8
Let r(i) = i**2 + 116*i - 233. What is the thousands digit of r(61)?
0
Let k(h) = -4*h - 104. Let t be k(-28). Suppose t*v - 14*v = -1194. What is the tens digit of v?
9
Let a(w) = 130*w**2 + 160*w + 93. What is the thousands digit of a(-18)?
9
Let n = 76 - 71. Suppose -2*k + 2428 = 4*r, -1112 = -3*r + n*k + 735. What is the units digit of r?
9
Let r(t) = t**3 - 12*t**2 + 16*t - 30. What is the tens digit of r(19)?
0
Suppose -132 = 9*u - 12*u. Let h = u - 42. What is the units digit of 3/h*(-408)/(-9)?
8
What is the hundreds digit of 0 + (1 + 14/70)*(-44680)/(-6)?
9
Let z(l) = -8*l + 5. Let s be z(16). Let r = 125 + s. What is the units digit of r?
2
Let i(b) = -b**2 - 11*b - 13. Let s be i(-2). Suppose 0 = 2*d + d - l - 547, -s*d + 5*l = -915. What is the units digit of d?
2
Suppose 3*a = -3*o + 74580, 4*a - 51379 = -3*o + 48057. What is the thousands digit of a?
4
Let l be 1 + 2/(2/1). Suppose 0 = -16*r - 8*r + 17*r + 4410. Suppose i - 125 = -l*m, 5*i + 2*m = -3*m + r. What is the units digit of i?
7
Let c = 8434 + -4509. What is the tens digit of c?
2
Let n be (-70)/735 + (-1 - (-35366)/21). Suppose -n = -53*q + 44*q. What is the units digit of q?
7
Let h = 14807 - 936. What is the hundreds digit of h?
8
Suppose 2*p - 77202 = j, -15*j - 22 = 38. What is the tens digit of p?
9
Let r(s) = -s**3 + 6*s**2 - 4*s. Let x be r(5). Let b be 2/x*300/24. Suppose -b*m + 1 + 79 = 0. What is the tens digit of m?
1
What is the thousands digit of (-2)/(-42) + (-6249520)/(-1680)?
3
Suppose 0 = -41*u - 35597 + 73829 + 65990. What is the tens digit of u?
4
Let d = 2 + 1. Let v be 6/(-8) + 4620/80. Suppose -x + v = -d. What is the units digit of x?
0
Suppose 31581 = 3*z - 4*t, -4*t + t + 31602 = 3*z. Suppose z = 13*q + 1821. What is the hundreds digit of q?
6
Suppose 100 = -4*n - 0*n. Let b(c) = -3*c - 84. Let j be b(n). Let v = j - -70. What is the tens digit of v?
6
Let c(z) = 4*z**3 - 8*z**2 - 6*z + 9. Let l(h) = 4*h + 26. Let i be l(-5). What is the tens digit of c(i)?
4
Let b(g) = -1075*g - 6180. What is the tens digit of b(-47)?
4
Let r be -2 - (-8 - (6 + 1743)). Let v = -949 + r. What is the tens digit of v?
0
Let b = 5827 - -4245. What is the tens digit of b?
7
Suppose -3*n + 11 = 5*x - 10, 0 = n - 5*x + 13. Suppose -2*z - 4*h + n = -0*z, 2*z - 3 = -3*h. What is the units digit of 249/6*(z + -1)?
3
Suppose 3*z - 3 = -4*v + 28, -3*v + 12 = 0. Suppose 3*f - 3383 = z*p, 4*f - 8*p - 4476 = -10*p. What is the hundreds digit of f?
1
Let p = -22 - -74. Let v = p - -107. Let r = 249 - v. What is the tens digit of r?
9
Suppose 0 = -5*r + 7*r - 6. Suppose 3*i = r*z + 72 + 42, i = -z + 38. Suppose -3*k + 203 = i. What is the units digit